{"id":300,"date":"2024-10-09T14:17:16","date_gmt":"2024-10-09T14:17:16","guid":{"rendered":"https:\/\/alta.aero\/safety\/2025\/?page_id=300"},"modified":"2025-06-09T18:00:52","modified_gmt":"2025-06-09T18:00:52","slug":"registro-categorias","status":"publish","type":"page","link":"https:\/\/alta.aero\/safety\/2025\/es\/registro-categorias\/","title":{"rendered":"Registro Categorias"},"content":{"rendered":"\t\t<div data-elementor-type=\"wp-page\" data-elementor-id=\"300\" class=\"elementor elementor-300\" data-elementor-post-type=\"page\">\n\t\t\t\t<div class=\"elementor-element elementor-element-5ac9ea1 e-con-full e-flex e-con e-parent\" data-id=\"5ac9ea1\" data-element_type=\"container\" data-settings=\"{&quot;background_background&quot;:&quot;classic&quot;}\">\n\t\t\t\t<div class=\"elementor-element elementor-element-f9bc615 elementor-widget elementor-widget-heading\" data-id=\"f9bc615\" data-element_type=\"widget\" data-widget_type=\"heading.default\">\n\t\t\t\t<div class=\"elementor-widget-container\">\n\t\t\t\t\t<h2 class=\"elementor-heading-title elementor-size-default\">CATEGORIAS DE REGISTRO<\/h2>\t\t\t\t<\/div>\n\t\t\t\t<\/div>\n\t\t\t\t<\/div>\n\t\t\t\t<section class=\"elementor-section elementor-top-section elementor-element elementor-element-45f04b3 elementor-section-boxed elementor-section-height-default elementor-section-height-default\" data-id=\"45f04b3\" data-element_type=\"section\">\n\t\t\t\t\t\t<div class=\"elementor-container elementor-column-gap-default\">\n\t\t\t\t\t<div class=\"elementor-column elementor-col-100 elementor-top-column elementor-element elementor-element-f8e437b\" data-id=\"f8e437b\" data-element_type=\"column\">\n\t\t\t<div class=\"elementor-widget-wrap elementor-element-populated\">\n\t\t\t\t\t\t<div class=\"elementor-element elementor-element-3524351 elementor-widget elementor-widget-html\" data-id=\"3524351\" data-element_type=\"widget\" data-widget_type=\"html.default\">\n\t\t\t\t<div class=\"elementor-widget-container\">\n\t\t\t\t\t<table width=\"100%\" style=\"font-family:Museo Sans 300; font-size: 16px; margin: auto;\">\n    <tbody>\n        <tr style=\"background-color: #432C6B; color: #eeeeee; border:1px solid #dddddd;\" height=\"50px\">\n            <td style=\"padding-left: 10px; padding-top: 10px; padding-bottom: 10px;\" width=\"60%\" align=\"center\">\n                REGISTRO<\/td>\n            <td style=\"padding-right: 10px;\" width=\"20%\" align=\"center\">TARIFAS<\/td>\n\n        <\/tr>\n        <tr style=\"background-color: #eeeeee; border:1px solid #dddddd;\" height=\"50px\">\n            <td style=\"padding-left: 10px; padding-top: 10px; padding-bottom: 10px;\" width=\"50%\">Registro General\n            <\/td>\n            <td style=\"padding-right: 10px;\" width=\"25%\" align=\"center\">US$ 960<\/td>\n\n        <\/tr>\n        <tr height=\"50px\" style=\"background-color: #ffffff; border:1px solid #dddddd;\">\n            <td style=\"background-color: #ffffff; padding-left: 10px; padding-top: 10px; padding-bottom: 10px;\" width=\"50%\">Registro General Miembro Afiliado\n            <\/td>\n            <td style=\"background-color: #ffffff; padding-right: 10px;\" width=\"25%, \" align=\"center\">US$ 720<\/td>\n\n        <\/tr>\n        <tr style=\"background-color: #eeeeee; border:1px solid #dddddd;\" height=\"50px\">\n            <td style=\"padding-left: 10px; padding-top: 10px; padding-bottom: 10px;\" width=\"50%\">Aerol\u00edneas Miembro de ALTA (Tres Participantes Complementarios con C\u00f3digo de Descuento)<\/td>\n            <td style=\"padding-right: 10px;\" width=\"25%\" align=\"center\">FREE<\/td>\n\n        <\/tr>\n        <tr height=\"50px\" style=\"border:1px solid #dddddd; background-color: #ffffff\">\n            <td style=\"background-color: #ffffff; padding-left: 10px; padding-top: 10px; padding-bottom: 10px; \" width=\"50%\">Aerol\u00edneas Miembro de ALTA (Adicional)<\/td>\n            <td style=\"background-color: #ffffff; padding-right: 10px;\" width=\"25%\" align=\"center\">US$ 50<\/td>\n\n        <\/tr>\n        <tr style=\"background-color: #eeeeee; border:1px solid #dddddd;\" height=\"50px\">\n            <td style=\"padding-left: 10px; padding-top: 10px; padding-bottom: 10px; \" width=\"50%\">Aerol\u00edneas No Miembro de ALTA (Dos Participantes Complementario con C\u00f3digo de Descuento)<\/td>\n            <td style=\"padding-right: 10px;\" width=\"25%\" align=\"center\">FREE<\/td>\n        <\/tr>\n        <tr style=\"background-color: #ffffff; border:1px solid #dddddd;\" height=\"50px\">\n            <td style=\"background-color: #ffffff; padding-left: 10px; padding-top: 10px; padding-bottom: 10px; \" width=\"50%\">Aerol\u00edneas No Miembro de ALTA (Adicional)<\/td>\n            <td style=\"background-color: #ffffff; padding-right: 10px;\" width=\"25%\" align=\"center\">US$ 100<\/td>\n        <\/tr>\n        <tr height=\"50px\" style=\"border:1px solid #dddddd;\">\n            <td style=\"background-color: #eeeeee; padding-left: 10px; padding-top: 10px; padding-bottom: 10px;\" width=\"50%\">Asociaciones industriales \/ IATA \/ BARs Locales<\/td>\n            <td style=\"background-color: #eeeeee; padding-right: 10px;\" width=\"25%\" align=\"center\">US$ 350<\/td>\n\n        <\/tr>\n        <tr style=\"background-color: #ffffff; border:1px solid #dddddd;\" height=\"50px\">\n            <td style=\"background-color: #ffffff; padding-left: 10px; padding-top: 10px; padding-bottom: 10px;\" width=\"50%\">Autoridad de Aviaci\u00f3n Civil (Director o Primer Participante Complementario con C\u00f3digo de Descuento)<\/td>\n            <td style=\"background-color: #ffffff; padding-right: 10px;\" width=\"25%\" align=\"center\">FREE<\/td>\n\n        <\/tr>\n        <tr height=\"50px\" style=\"border:1px solid #dddddd;\">\n            <td style=\"background-color: #eeeeee; padding-left: 10px; padding-top: 10px; padding-bottom: 10px;\" width=\"50%\">Autoridad de Aviaci\u00f3n Civil (Adicional)<\/td>\n            <td style=\"background-color: #eeeeee; padding-right: 10px;\" width=\"25%\" align=\"center\">US$ 150<\/td>\n        <\/tr>\n        <tr style=\"background-color: #ffffff; border:1px solid #dddddd;\" height=\"50px\">\n            <td style=\"background-color: #ffffff; padding-left: 10px; padding-top: 10px; padding-bottom: 10px;\" width=\"50%\">Estudiantes (Hasta diez participantes)<\/td>\n            <td style=\"background-color: #ffffff; padding-right: 10px;\" width=\"25%\" align=\"center\">US$ 150<\/td>\n\n        <\/tr>\n        <tr height=\"50px\" style=\"border:1px solid #dddddd;\">\n            <td style=\"background-color: #eeeeee; padding-left: 10px; padding-top: 10px; padding-bottom: 10px;\" width=\"50%\">Speakers \/ Panelistas \/ Patrocinadores (Complementario con C\u00f3digo de Descuento)<\/td>\n            <td style=\"background-color: #eeeeee; padding-right: 10px;\" width=\"25%\" align=\"center\">FREE<\/td>\n        <\/tr>\n\n    <\/tbody>\n<\/table>\n\t\t\t\t<\/div>\n\t\t\t\t<\/div>\n\t\t\t\t<div class=\"elementor-element elementor-element-c582401 elementor-hidden-desktop elementor-hidden-tablet elementor-hidden-mobile elementor-widget elementor-widget-heading\" data-id=\"c582401\" data-element_type=\"widget\" data-widget_type=\"heading.default\">\n\t\t\t\t<div class=\"elementor-widget-container\">\n\t\t\t\t\t<h5 class=\"elementor-heading-title elementor-size-default\">Dear participant,<br \/>\nRegistration for this conference is currently sold out. If you wish to add your name to our waiting list, please click the button below. Thank you for your interest!<\/h5>\t\t\t\t<\/div>\n\t\t\t\t<\/div>\n\t\t\t\t<div class=\"elementor-element elementor-element-5e0aebb elementor-widget elementor-widget-heading\" data-id=\"5e0aebb\" data-element_type=\"widget\" data-widget_type=\"heading.default\">\n\t\t\t\t<div class=\"elementor-widget-container\">\n\t\t\t\t\t<h5 class=\"elementor-heading-title elementor-size-default\">Estimado participante,<br>\npara obtener un codigo de descuento contacte a: <a href=\"mailto:vcorrieri@alta.aero\">Virginio Corrieri<\/a> or <a href=\"mailto:jescobar@alta.aero\">Jaime Escobar<\/a><\/h5>\t\t\t\t<\/div>\n\t\t\t\t<\/div>\n\t\t\t\t<div class=\"elementor-element elementor-element-ac722eb elementor-align-center elementor-widget elementor-widget-button\" data-id=\"ac722eb\" data-element_type=\"widget\" data-widget_type=\"button.default\">\n\t\t\t\t<div class=\"elementor-widget-container\">\n\t\t\t\t\t\t\t\t\t<div class=\"elementor-button-wrapper\">\n\t\t\t\t\t<a class=\"elementor-button elementor-size-sm\" role=\"button\">\n\t\t\t\t\t\t<span class=\"elementor-button-content-wrapper\">\n\t\t\t\t\t\t<span class=\"elementor-button-icon\">\n\t\t\t\t<i aria-hidden=\"true\" class=\"fas fa-arrow-right\"><\/i>\t\t\t<\/span>\n\t\t\t\t\t\t\t\t\t<span class=\"elementor-button-text\">REGISTRO AGOTADO<\/span>\n\t\t\t\t\t<\/span>\n\t\t\t\t\t<\/a>\n\t\t\t\t<\/div>\n\t\t\t\t\t\t\t\t<\/div>\n\t\t\t\t<\/div>\n\t\t\t\t\t<\/div>\n\t\t<\/div>\n\t\t\t\t\t<\/div>\n\t\t<\/section>\n\t\t\t\t<\/div>\n\t\t","protected":false},"excerpt":{"rendered":"<p>CATEGORIAS DE REGISTRO REGISTRO TARIFAS Registro General US$ 960 Registro General Miembro Afiliado US$ 720 Aerol\u00edneas Miembro de ALTA (Tres Participantes Complementarios con C\u00f3digo de Descuento) FREE Aerol\u00edneas Miembro de ALTA (Adicional) US$ 50 Aerol\u00edneas No Miembro de ALTA (Dos Participantes Complementario con C\u00f3digo de Descuento) FREE Aerol\u00edneas No Miembro de ALTA (Adicional) US$ 100 [&hellip;]<\/p>\n","protected":false},"author":1,"featured_media":0,"parent":0,"menu_order":0,"comment_status":"closed","ping_status":"closed","template":"elementor_header_footer","meta":{"footnotes":""},"class_list":["post-300","page","type-page","status-publish","hentry"],"yoast_head":"<!-- This site is optimized with the Yoast SEO Premium plugin v24.1 (Yoast SEO v25.3) - https:\/\/yoast.com\/wordpress\/plugins\/seo\/ -->\n<title>Registro Categorias - ALTA Safety Summit<\/title>\n<meta name=\"robots\" content=\"index, follow, max-snippet:-1, max-image-preview:large, max-video-preview:-1\" \/>\n<link rel=\"canonical\" href=\"https:\/\/alta.aero\/safety\/2025\/es\/registro-categorias\/\" \/>\n<meta property=\"og:locale\" content=\"en_US\" \/>\n<meta property=\"og:type\" content=\"article\" \/>\n<meta property=\"og:title\" content=\"ALTA Aviation Safety, Flight Ops and Training Summit 2025\" \/>\n<meta property=\"og:description\" content=\"The ALTA Aviation Safety, Flight Ops &amp; Training Summit will be a unique meeting for all professionals who dedicate themselves daily to seeking the highest levels of aviation safety and operational standards in the region.\" \/>\n<meta property=\"og:url\" content=\"https:\/\/alta.aero\/safety\/2025\/es\/registro-categorias\/\" \/>\n<meta property=\"og:site_name\" content=\"ALTA Safety Summit\" \/>\n<meta property=\"article:modified_time\" content=\"2025-06-09T18:00:52+00:00\" \/>\n<meta property=\"og:image\" content=\"https:\/\/alta.aero\/safety\/2025\/wp-content\/uploads\/2025\/02\/seo-logo-safety.png\" \/>\n\t<meta property=\"og:image:width\" content=\"1200\" \/>\n\t<meta property=\"og:image:height\" content=\"675\" \/>\n\t<meta property=\"og:image:type\" content=\"image\/png\" \/>\n<meta name=\"twitter:card\" content=\"summary_large_image\" \/>\n<meta name=\"twitter:site\" content=\"@ALTA_aero\" \/>\n<meta name=\"twitter:label1\" content=\"Est. reading time\" \/>\n\t<meta name=\"twitter:data1\" content=\"1 minute\" \/>\n<script type=\"application\/ld+json\" class=\"yoast-schema-graph\">{\"@context\":\"https:\/\/schema.org\",\"@graph\":[{\"@type\":\"WebPage\",\"@id\":\"https:\/\/alta.aero\/safety\/2025\/es\/registro-categorias\/\",\"url\":\"https:\/\/alta.aero\/safety\/2025\/es\/registro-categorias\/\",\"name\":\"Registro Categorias - ALTA Safety Summit\",\"isPartOf\":{\"@id\":\"https:\/\/alta.aero\/safety\/2025\/#website\"},\"datePublished\":\"2024-10-09T14:17:16+00:00\",\"dateModified\":\"2025-06-09T18:00:52+00:00\",\"breadcrumb\":{\"@id\":\"https:\/\/alta.aero\/safety\/2025\/es\/registro-categorias\/#breadcrumb\"},\"inLanguage\":\"en-US\",\"potentialAction\":[{\"@type\":\"ReadAction\",\"target\":[\"https:\/\/alta.aero\/safety\/2025\/es\/registro-categorias\/\"]}]},{\"@type\":\"BreadcrumbList\",\"@id\":\"https:\/\/alta.aero\/safety\/2025\/es\/registro-categorias\/#breadcrumb\",\"itemListElement\":[{\"@type\":\"ListItem\",\"position\":1,\"name\":\"Home\",\"item\":\"https:\/\/alta.aero\/safety\/2025\/\"},{\"@type\":\"ListItem\",\"position\":2,\"name\":\"Registro Categorias\"}]},{\"@type\":\"WebSite\",\"@id\":\"https:\/\/alta.aero\/safety\/2025\/#website\",\"url\":\"https:\/\/alta.aero\/safety\/2025\/\",\"name\":\"ALTA Aviation Safety, Flight Ops and Training Summit 2025\",\"description\":\"The Future of Safety, Flight Ops and Training: Aligning Technology, Artificial Intelligence, and Human Value in the Aviation Industry.\",\"publisher\":{\"@id\":\"https:\/\/alta.aero\/safety\/2025\/#organization\"},\"alternateName\":\"ALTA Safety 2025\",\"potentialAction\":[{\"@type\":\"SearchAction\",\"target\":{\"@type\":\"EntryPoint\",\"urlTemplate\":\"https:\/\/alta.aero\/safety\/2025\/?s={search_term_string}\"},\"query-input\":{\"@type\":\"PropertyValueSpecification\",\"valueRequired\":true,\"valueName\":\"search_term_string\"}}],\"inLanguage\":\"en-US\"},{\"@type\":\"Organization\",\"@id\":\"https:\/\/alta.aero\/safety\/2025\/#organization\",\"name\":\"ALTA Aviation Safety, Flight Ops and Training Summit\",\"alternateName\":\"ALTA Aviation Safety, Flight Ops and Training Summit 2025\",\"url\":\"https:\/\/alta.aero\/safety\/2025\/\",\"logo\":{\"@type\":\"ImageObject\",\"inLanguage\":\"en-US\",\"@id\":\"https:\/\/alta.aero\/safety\/2025\/#\/schema\/logo\/image\/\",\"url\":\"https:\/\/alta.aero\/safety\/2025\/wp-content\/uploads\/2025\/02\/seo-icon.png\",\"contentUrl\":\"https:\/\/alta.aero\/safety\/2025\/wp-content\/uploads\/2025\/02\/seo-icon.png\",\"width\":696,\"height\":696,\"caption\":\"ALTA Aviation Safety, Flight Ops and Training Summit\"},\"image\":{\"@id\":\"https:\/\/alta.aero\/safety\/2025\/#\/schema\/logo\/image\/\"},\"sameAs\":[\"https:\/\/x.com\/ALTA_aero\"],\"description\":\"The ALTA Aviation Safety, Flight Ops & Training Summit will be a unique meeting for all professionals who dedicate themselves daily to seeking the highest levels of aviation safety and operational standards in the region.\"}]}<\/script>\n<!-- \/ Yoast SEO Premium plugin. -->","yoast_head_json":{"title":"Registro Categorias - ALTA Safety Summit","robots":{"index":"index","follow":"follow","max-snippet":"max-snippet:-1","max-image-preview":"max-image-preview:large","max-video-preview":"max-video-preview:-1"},"canonical":"https:\/\/alta.aero\/safety\/2025\/es\/registro-categorias\/","og_locale":"en_US","og_type":"article","og_title":"ALTA Aviation Safety, Flight Ops and Training Summit 2025","og_description":"The ALTA Aviation Safety, Flight Ops & Training Summit will be a unique meeting for all professionals who dedicate themselves daily to seeking the highest levels of aviation safety and operational standards in the region.","og_url":"https:\/\/alta.aero\/safety\/2025\/es\/registro-categorias\/","og_site_name":"ALTA Safety Summit","article_modified_time":"2025-06-09T18:00:52+00:00","og_image":[{"width":1200,"height":675,"url":"https:\/\/alta.aero\/safety\/2025\/wp-content\/uploads\/2025\/02\/seo-logo-safety.png","type":"image\/png"}],"twitter_card":"summary_large_image","twitter_site":"@ALTA_aero","twitter_misc":{"Est. reading time":"1 minute"},"schema":{"@context":"https:\/\/schema.org","@graph":[{"@type":"WebPage","@id":"https:\/\/alta.aero\/safety\/2025\/es\/registro-categorias\/","url":"https:\/\/alta.aero\/safety\/2025\/es\/registro-categorias\/","name":"Registro Categorias - ALTA Safety Summit","isPartOf":{"@id":"https:\/\/alta.aero\/safety\/2025\/#website"},"datePublished":"2024-10-09T14:17:16+00:00","dateModified":"2025-06-09T18:00:52+00:00","breadcrumb":{"@id":"https:\/\/alta.aero\/safety\/2025\/es\/registro-categorias\/#breadcrumb"},"inLanguage":"en-US","potentialAction":[{"@type":"ReadAction","target":["https:\/\/alta.aero\/safety\/2025\/es\/registro-categorias\/"]}]},{"@type":"BreadcrumbList","@id":"https:\/\/alta.aero\/safety\/2025\/es\/registro-categorias\/#breadcrumb","itemListElement":[{"@type":"ListItem","position":1,"name":"Home","item":"https:\/\/alta.aero\/safety\/2025\/"},{"@type":"ListItem","position":2,"name":"Registro Categorias"}]},{"@type":"WebSite","@id":"https:\/\/alta.aero\/safety\/2025\/#website","url":"https:\/\/alta.aero\/safety\/2025\/","name":"ALTA Aviation Safety, Flight Ops and Training Summit 2025","description":"The Future of Safety, Flight Ops and Training: Aligning Technology, Artificial Intelligence, and Human Value in the Aviation Industry.","publisher":{"@id":"https:\/\/alta.aero\/safety\/2025\/#organization"},"alternateName":"ALTA Safety 2025","potentialAction":[{"@type":"SearchAction","target":{"@type":"EntryPoint","urlTemplate":"https:\/\/alta.aero\/safety\/2025\/?s={search_term_string}"},"query-input":{"@type":"PropertyValueSpecification","valueRequired":true,"valueName":"search_term_string"}}],"inLanguage":"en-US"},{"@type":"Organization","@id":"https:\/\/alta.aero\/safety\/2025\/#organization","name":"ALTA Aviation Safety, Flight Ops and Training Summit","alternateName":"ALTA Aviation Safety, Flight Ops and Training Summit 2025","url":"https:\/\/alta.aero\/safety\/2025\/","logo":{"@type":"ImageObject","inLanguage":"en-US","@id":"https:\/\/alta.aero\/safety\/2025\/#\/schema\/logo\/image\/","url":"https:\/\/alta.aero\/safety\/2025\/wp-content\/uploads\/2025\/02\/seo-icon.png","contentUrl":"https:\/\/alta.aero\/safety\/2025\/wp-content\/uploads\/2025\/02\/seo-icon.png","width":696,"height":696,"caption":"ALTA Aviation Safety, Flight Ops and Training Summit"},"image":{"@id":"https:\/\/alta.aero\/safety\/2025\/#\/schema\/logo\/image\/"},"sameAs":["https:\/\/x.com\/ALTA_aero"],"description":"The ALTA Aviation Safety, Flight Ops & Training Summit will be a unique meeting for all professionals who dedicate themselves daily to seeking the highest levels of aviation safety and operational standards in the region."}]}},"_links":{"self":[{"href":"https:\/\/alta.aero\/safety\/2025\/wp-json\/wp\/v2\/pages\/300","targetHints":{"allow":["GET"]}}],"collection":[{"href":"https:\/\/alta.aero\/safety\/2025\/wp-json\/wp\/v2\/pages"}],"about":[{"href":"https:\/\/alta.aero\/safety\/2025\/wp-json\/wp\/v2\/types\/page"}],"author":[{"embeddable":true,"href":"https:\/\/alta.aero\/safety\/2025\/wp-json\/wp\/v2\/users\/1"}],"replies":[{"embeddable":true,"href":"https:\/\/alta.aero\/safety\/2025\/wp-json\/wp\/v2\/comments?post=300"}],"version-history":[{"count":38,"href":"https:\/\/alta.aero\/safety\/2025\/wp-json\/wp\/v2\/pages\/300\/revisions"}],"predecessor-version":[{"id":1542,"href":"https:\/\/alta.aero\/safety\/2025\/wp-json\/wp\/v2\/pages\/300\/revisions\/1542"}],"wp:attachment":[{"href":"https:\/\/alta.aero\/safety\/2025\/wp-json\/wp\/v2\/media?parent=300"}],"curies":[{"name":"wp","href":"https:\/\/api.w.org\/{rel}","templated":true}]}}