{"id":366,"date":"2025-08-06T02:47:26","date_gmt":"2025-08-06T02:47:26","guid":{"rendered":"https:\/\/alta.aero\/fuel\/2026\/?page_id=366"},"modified":"2026-01-27T15:32:54","modified_gmt":"2026-01-27T15:32:54","slug":"categorias-de-registro","status":"publish","type":"page","link":"https:\/\/alta.aero\/fuel\/2026\/es\/categorias-de-registro\/","title":{"rendered":"Categorias de registro"},"content":{"rendered":"\t\t<div data-elementor-type=\"wp-page\" data-elementor-id=\"366\" class=\"elementor elementor-366\" data-elementor-post-type=\"page\">\n\t\t\t\t<div class=\"elementor-element elementor-element-41b79a3 e-flex e-con-boxed e-con e-parent\" data-id=\"41b79a3\" data-element_type=\"container\" data-settings=\"{&quot;background_background&quot;:&quot;classic&quot;}\">\n\t\t\t\t\t<div class=\"e-con-inner\">\n\t\t\t\t<div class=\"elementor-element elementor-element-6327409 elementor-widget elementor-widget-heading\" data-id=\"6327409\" data-element_type=\"widget\" data-widget_type=\"heading.default\">\n\t\t\t\t\t<h2 class=\"elementor-heading-title elementor-size-default\">Categorias de Registro<\/h2>\t\t\t\t<\/div>\n\t\t\t\t\t<\/div>\n\t\t\t\t<\/div>\n\t\t<div class=\"elementor-element elementor-element-22cda68 e-flex e-con-boxed e-con e-parent\" data-id=\"22cda68\" data-element_type=\"container\" data-settings=\"{&quot;background_background&quot;:&quot;classic&quot;}\">\n\t\t\t\t\t<div class=\"e-con-inner\">\n\t\t\t\t<div class=\"elementor-element elementor-element-340c224 elementor-hidden-desktop elementor-hidden-tablet elementor-hidden-mobile elementor-widget elementor-widget-html\" data-id=\"340c224\" data-element_type=\"widget\" data-widget_type=\"html.default\">\n\t\t\t\t\t<table class=\"pricing-table\">\n\n  <thead>\n    <tr>\n      <th>CATEGORIA<\/th>\n      <th>PRECIO GENERAL<\/th>\n      <th>EARLY BIRD 10% OFF<\/th>\n    <\/tr>\n  <\/thead>\n  <tbody>\n    <tr>\n      <td data-label=\"Categor\u00eda\">Registro General<\/td>\n      <td data-label=\"Precio General\">USD 970<\/td>\n      <td data-label=\"Early Bird\">USD 873<\/td>\n    <\/tr>\n    <tr>\n      <td data-label=\"Categor\u00eda\">Socios Estrat\u00e9gicos de ALTA (afiliados y consultores)<\/td>\n      <td data-label=\"Precio General\">USD 728<\/td>\n      <td data-label=\"Early Bird\">USD 655<\/td>\n    <\/tr>\n    <!--<tr>\n      <td data-label=\"Categor\u00eda\">Consultores de ALTA<\/td>\n      <td data-label=\"Precio General\">USD 776<\/td>\n      <td data-label=\"Early Bird\">USD 698<\/td>\n    <\/tr>-->\n    <tr>\n      <td data-label=\"Categor\u00eda\">Aerol\u00edneas Miembro de ALTA<br>\n*Hasta 3 registros por aerol\u00ednea<\/td>\n      <td data-label=\"Precio General\">Cortes\u00eda<\/td>\n      <td data-label=\"Early Bird\">Cortes\u00eda<\/td>\n    <\/tr>\n    <tr>\n      <td data-label=\"Categor\u00eda\">Aerol\u00edneas Miembro de ALTA\n<br>** Tarifa preferencial a partir del 4to registro<\/td>\n      <td data-label=\"Precio General\">USD 190<\/td>\n      <td data-label=\"Early Bird\">USD 171<\/td>\n    <\/tr>\n    <tr>\n      <td data-label=\"Categor\u00eda\">Aerol\u00edneas no miembro de ALTA<\/td>\n      <td data-label=\"Precio General\">USD 370<\/td>\n      <td data-label=\"Early Bird\">USD 333<\/td>\n    <\/tr>\n    <tr>\n      <td data-label=\"Categor\u00eda\">Autoridades \u2013 Director General<\/td>\n      <td data-label=\"Precio General\">Cortes\u00eda<\/td>\n      <td data-label=\"Early Bird\">Cortes\u00eda<\/td>\n    <\/tr>\n    <tr>\n      <td data-label=\"Categor\u00eda\">Autoridades \u2013 Registro adicional<\/td>\n      <td data-label=\"Precio General\">USD 270<\/td>\n      <td data-label=\"Early Bird\">USD 243<\/td>\n    <\/tr>\n    <tr>\n      <td data-label=\"Categor\u00eda\">Asociaciones<\/td>\n      <td data-label=\"Precio General\">USD 270<\/td>\n      <td data-label=\"Early Bird\">USD 243<\/td>\n    <\/tr>\n    <!--<tr>\n      <td data-label=\"Categor\u00eda\">Patrocinadores<\/td>\n      <td data-label=\"Precio General\">Cortes\u00eda (seg\u00fan paquete contratado)<\/td>\n      <td data-label=\"Early Bird\">\u2014<\/td>\n    <\/tr>-->\n    <tr>\n      <td data-label=\"Categor\u00eda\">Oradores<\/td>\n      <td data-label=\"Precio General\">Cortes\u00eda<\/td>\n      <td data-label=\"Early Bird\">Cortes\u00eda<\/td>\n    <\/tr>\n    <tr>\n      <td data-label=\"Categor\u00eda\">Acompa\u00f1ante<\/td>\n      <td data-label=\"Precio General\">USD 150<\/td>\n      <td data-label=\"Early Bird\">USD 135<\/td>\n    <\/tr>\n        <tr>\n      <td data-label=\"Categor\u00eda\">Registro Onsite<\/td>\n      <td data-label=\"Precio General\">USD 1.300<\/td>\n      <td data-label=\"Early Bird\">\u2014<\/td>\n    <\/tr>\n  <\/tbody>\n<\/table>\t\t\t\t<\/div>\n\t\t\t\t<div class=\"elementor-element elementor-element-1aac0de elementor-widget elementor-widget-html\" data-id=\"1aac0de\" data-element_type=\"widget\" data-widget_type=\"html.default\">\n\t\t\t\t\t<table class=\"pricing-table\">\n\n  <thead>\n    <tr>\n      <th>CATEGORIA<\/th>\n      <th>PRECIO GENERAL<\/th>\n    <\/tr>\n  <\/thead>\n  <tbody>\n    <tr>\n      <td data-label=\"Categor\u00eda\">Registro General<\/td>\n      <td data-label=\"Precio General\">USD 970<\/td>\n    <\/tr>\n    <tr>\n      <td data-label=\"Categor\u00eda\">Socios Estrat\u00e9gicos de ALTA (afiliados y consultores)<\/td>\n      <td data-label=\"Precio General\">USD 728<\/td>\n    <\/tr>\n    <!--<tr>\n      <td data-label=\"Categor\u00eda\">Consultores de ALTA<\/td>\n      <td data-label=\"Precio General\">USD 776<\/td>\n      <td data-label=\"Early Bird\">USD 698<\/td>\n    <\/tr>-->\n    <tr>\n      <td data-label=\"Categor\u00eda\">Aerol\u00edneas Miembro de ALTA<br>\n*Hasta 3 registros por aerol\u00ednea<\/td>\n      <td data-label=\"Precio General\">Cortes\u00eda<\/td>\n    <\/tr>\n    <tr>\n      <td data-label=\"Categor\u00eda\">Aerol\u00edneas Miembro de ALTA\n<br>** Tarifa preferencial a partir del 4to registro<\/td>\n      <td data-label=\"Precio General\">USD 190<\/td>\n    <\/tr>\n    <tr>\n      <td data-label=\"Categor\u00eda\">Aerol\u00edneas no miembro de ALTA<\/td>\n      <td data-label=\"Precio General\">USD 370<\/td>\n    <\/tr>\n    <tr>\n      <td data-label=\"Categor\u00eda\">Autoridades \u2013 Director General<\/td>\n      <td data-label=\"Precio General\">Cortes\u00eda<\/td>\n    <\/tr>\n    <tr>\n      <td data-label=\"Categor\u00eda\">Autoridades \u2013 Registro adicional<\/td>\n      <td data-label=\"Precio General\">USD 270<\/td>\n    <\/tr>\n    <tr>\n      <td data-label=\"Categor\u00eda\">Asociaciones<\/td>\n      <td data-label=\"Precio General\">USD 270<\/td>\n    <\/tr>\n    <!--<tr>\n      <td data-label=\"Categor\u00eda\">Patrocinadores<\/td>\n      <td data-label=\"Precio General\">Cortes\u00eda (seg\u00fan paquete contratado)<\/td>\n      <td data-label=\"Early Bird\">\u2014<\/td>\n    <\/tr>-->\n    <tr>\n      <td data-label=\"Categor\u00eda\">Oradores<\/td>\n      <td data-label=\"Precio General\">Cortes\u00eda<\/td>\n    <\/tr>\n    <tr>\n      <td data-label=\"Categor\u00eda\">Acompa\u00f1ante<\/td>\n      <td data-label=\"Precio General\">USD 150<\/td>\n    <\/tr>\n        <tr>\n      <td data-label=\"Categor\u00eda\">Registro Onsite<\/td>\n      <td data-label=\"Precio General\">USD 1.300<\/td>\n    <\/tr>\n  <\/tbody>\n<\/table>\t\t\t\t<\/div>\n\t\t\t\t<div class=\"elementor-element elementor-element-a5172c4 elementor-align-center elementor-widget elementor-widget-button\" data-id=\"a5172c4\" data-element_type=\"widget\" data-widget_type=\"button.default\">\n\t\t\t\t\t\t\t\t\t\t<a class=\"elementor-button elementor-button-link elementor-size-sm\" href=\"https:\/\/alta.aero\/fuel\/2026\/es\/registro\">\n\t\t\t\t\t\t<span class=\"elementor-button-content-wrapper\">\n\t\t\t\t\t\t\t\t\t<span class=\"elementor-button-text\">REG\u00cdSTRESE AHORA<\/span>\n\t\t\t\t\t<\/span>\n\t\t\t\t\t<\/a>\n\t\t\t\t\t\t\t\t<\/div>\n\t\t\t\t\t<\/div>\n\t\t\t\t<\/div>\n\t\t\t\t<\/div>\n\t\t","protected":false},"excerpt":{"rendered":"<p>Categorias de Registro CATEGORIA PRECIO GENERAL EARLY BIRD 10% OFF Registro General USD 970 USD 873 Socios Estrat\u00e9gicos de ALTA (afiliados y consultores) USD 728 USD 655 Aerol\u00edneas Miembro de ALTA *Hasta 3 registros por aerol\u00ednea Cortes\u00eda Cortes\u00eda Aerol\u00edneas Miembro de ALTA ** Tarifa preferencial a partir del 4to registro USD 190 USD 171 Aerol\u00edneas [&hellip;]<\/p>\n","protected":false},"author":1,"featured_media":0,"parent":0,"menu_order":0,"comment_status":"closed","ping_status":"closed","template":"","meta":{"footnotes":""},"class_list":["post-366","page","type-page","status-publish","hentry"],"_links":{"self":[{"href":"https:\/\/alta.aero\/fuel\/2026\/wp-json\/wp\/v2\/pages\/366","targetHints":{"allow":["GET"]}}],"collection":[{"href":"https:\/\/alta.aero\/fuel\/2026\/wp-json\/wp\/v2\/pages"}],"about":[{"href":"https:\/\/alta.aero\/fuel\/2026\/wp-json\/wp\/v2\/types\/page"}],"author":[{"embeddable":true,"href":"https:\/\/alta.aero\/fuel\/2026\/wp-json\/wp\/v2\/users\/1"}],"replies":[{"embeddable":true,"href":"https:\/\/alta.aero\/fuel\/2026\/wp-json\/wp\/v2\/comments?post=366"}],"version-history":[{"count":34,"href":"https:\/\/alta.aero\/fuel\/2026\/wp-json\/wp\/v2\/pages\/366\/revisions"}],"predecessor-version":[{"id":1296,"href":"https:\/\/alta.aero\/fuel\/2026\/wp-json\/wp\/v2\/pages\/366\/revisions\/1296"}],"wp:attachment":[{"href":"https:\/\/alta.aero\/fuel\/2026\/wp-json\/wp\/v2\/media?parent=366"}],"curies":[{"name":"wp","href":"https:\/\/api.w.org\/{rel}","templated":true}]}}