{"id":935,"date":"2025-11-27T14:45:18","date_gmt":"2025-11-27T14:45:18","guid":{"rendered":"https:\/\/alta.aero\/ccma\/2026\/?page_id=935"},"modified":"2025-12-12T16:43:27","modified_gmt":"2025-12-12T16:43:27","slug":"codigo-de-conducta","status":"publish","type":"page","link":"https:\/\/alta.aero\/ccma\/2026\/es\/codigo-de-conducta\/","title":{"rendered":"C\u00f3digo de conducta"},"content":{"rendered":"\t\t<div data-elementor-type=\"wp-page\" data-elementor-id=\"935\" class=\"elementor elementor-935\" data-elementor-post-type=\"page\">\n\t\t\t\t<div class=\"elementor-element elementor-element-e699a95 e-con-full e-flex e-con e-parent\" data-id=\"e699a95\" data-element_type=\"container\" data-e-type=\"container\" data-settings=\"{&quot;background_background&quot;:&quot;classic&quot;}\">\n\t\t<div class=\"elementor-element elementor-element-ba98493 e-con-full e-flex e-con e-child\" data-id=\"ba98493\" data-element_type=\"container\" data-e-type=\"container\">\n\t\t\t\t<div class=\"elementor-element elementor-element-9f2e658 elementor-widget elementor-widget-heading\" data-id=\"9f2e658\" data-element_type=\"widget\" data-e-type=\"widget\" data-widget_type=\"heading.default\">\n\t\t\t\t\t<h2 class=\"elementor-heading-title elementor-size-default\">CODE OF CONDUCT<\/h2>\t\t\t\t<\/div>\n\t\t\t\t<\/div>\n\t\t\t\t<\/div>\n\t\t<div class=\"elementor-element elementor-element-96d4bb6 e-flex e-con-boxed e-con e-parent\" data-id=\"96d4bb6\" data-element_type=\"container\" data-e-type=\"container\" data-settings=\"{&quot;background_background&quot;:&quot;classic&quot;}\">\n\t\t\t\t\t<div class=\"e-con-inner\">\n\t\t<div class=\"elementor-element elementor-element-e9ddf54 e-con-full e-flex e-con e-child\" data-id=\"e9ddf54\" data-element_type=\"container\" data-e-type=\"container\">\n\t\t<div class=\"elementor-element elementor-element-35e5de0 e-con-full e-flex e-con e-child\" data-id=\"35e5de0\" data-element_type=\"container\" data-e-type=\"container\">\n\t\t\t\t<div class=\"elementor-element elementor-element-03dff1b elementor-widget elementor-widget-heading\" data-id=\"03dff1b\" data-element_type=\"widget\" data-e-type=\"widget\" data-widget_type=\"heading.default\">\n\t\t\t\t\t<h3 class=\"elementor-heading-title elementor-size-default\">C\u00d3DIGO DE CONDUCTA<\/h3>\t\t\t\t<\/div>\n\t\t\t\t<div class=\"elementor-element elementor-element-5e4b0ad elementor-widget elementor-widget-text-editor\" data-id=\"5e4b0ad\" data-element_type=\"widget\" data-e-type=\"widget\" data-widget_type=\"text-editor.default\">\n\t\t\t\t\t\t\t\t\t<ul>\n \t<li>Los proveedores no pueden invitar ni retirar al personal de las aerol\u00edneas de las actividades oficiales durante el evento. Cualquier evento privado debe realizarse \u00fanicamente una vez finalizada la conferencia.<\/li>\n \t<li>Las mesas y asientos reservados deben respetarse. Todos los proveedores registrados deben asistir a los mini-meetings agendados.<\/li>\n \t<li>Las ausencias injustificadas pueden resultar en la p\u00e9rdida del derecho a participar en futuras reuniones.\nLas sugerencias para mejorar la conferencia pueden enviarse a:\n\nSantiago Valencia, Director de Mantenimiento y Abastecimiento T\u00e9cnico \u2013 <a href=\"mailto:svalencia@alta.aero\">svalencia@alta.aero<\/a>\n\nNicole Lorca, Directora de Eventos \u2013 <a href=\"mailto:nlorca@alta.aero\">nlorca@alta.aero<\/a><\/li>\n \t<li>Se consideran &#8216;acompa\u00f1antes no comerciales&#8217; a los c\u00f3nyuges o familiares cercanos que no trabajen en el sector aeron\u00e1utico. No tienen acceso a mini-meetings, \u00e1reas de exhibici\u00f3n ni sesiones de table-tops.<\/li>\n \t<li>Se aplica un c\u00f3digo de vestimenta a todas las actividades oficiales. La participaci\u00f3n est\u00e1 sujeta a la discreci\u00f3n de ALTA y las aerol\u00edneas, y se espera en todo momento una conducta profesional.<\/li>\n<\/ul>\t\t\t\t\t\t\t\t<\/div>\n\t\t\t\t<\/div>\n\t\t\t\t<\/div>\n\t\t\t\t\t<\/div>\n\t\t\t\t<\/div>\n\t\t\t\t<\/div>\n\t\t","protected":false},"excerpt":{"rendered":"<p>CODE OF CONDUCT C\u00d3DIGO DE CONDUCTA Los proveedores no pueden invitar ni retirar al personal de las aerol\u00edneas de las actividades oficiales durante el evento. Cualquier evento privado debe realizarse \u00fanicamente una vez finalizada la conferencia. Las mesas y asientos reservados deben respetarse. Todos los proveedores registrados deben asistir a los mini-meetings agendados. Las ausencias [&hellip;]<\/p>\n","protected":false},"author":1,"featured_media":0,"parent":0,"menu_order":0,"comment_status":"closed","ping_status":"closed","template":"","meta":{"footnotes":""},"class_list":["post-935","page","type-page","status-publish","hentry"],"_links":{"self":[{"href":"https:\/\/alta.aero\/ccma\/2026\/wp-json\/wp\/v2\/pages\/935","targetHints":{"allow":["GET"]}}],"collection":[{"href":"https:\/\/alta.aero\/ccma\/2026\/wp-json\/wp\/v2\/pages"}],"about":[{"href":"https:\/\/alta.aero\/ccma\/2026\/wp-json\/wp\/v2\/types\/page"}],"author":[{"embeddable":true,"href":"https:\/\/alta.aero\/ccma\/2026\/wp-json\/wp\/v2\/users\/1"}],"replies":[{"embeddable":true,"href":"https:\/\/alta.aero\/ccma\/2026\/wp-json\/wp\/v2\/comments?post=935"}],"version-history":[{"count":10,"href":"https:\/\/alta.aero\/ccma\/2026\/wp-json\/wp\/v2\/pages\/935\/revisions"}],"predecessor-version":[{"id":1819,"href":"https:\/\/alta.aero\/ccma\/2026\/wp-json\/wp\/v2\/pages\/935\/revisions\/1819"}],"wp:attachment":[{"href":"https:\/\/alta.aero\/ccma\/2026\/wp-json\/wp\/v2\/media?parent=935"}],"curies":[{"name":"wp","href":"https:\/\/api.w.org\/{rel}","templated":true}]}}