{"id":976,"date":"2024-11-27T14:47:34","date_gmt":"2024-11-27T14:47:34","guid":{"rendered":"https:\/\/alta.aero\/ccma\/2025\/?page_id=976"},"modified":"2025-01-17T14:38:10","modified_gmt":"2025-01-17T14:38:10","slug":"politica-de-cancelacion","status":"publish","type":"page","link":"https:\/\/alta.aero\/ccma\/2025\/es\/politica-de-cancelacion\/","title":{"rendered":"Pol\u00edtica de cancelaci\u00f3n"},"content":{"rendered":"\t\t<div data-elementor-type=\"wp-page\" data-elementor-id=\"976\" class=\"elementor elementor-976\" data-elementor-post-type=\"page\">\n\t\t\t\t<div class=\"elementor-element elementor-element-f009498 e-con-full e-flex e-con e-parent\" data-id=\"f009498\" data-element_type=\"container\">\n\t\t\t\t<div class=\"elementor-element elementor-element-a039f98 elementor--h-position-center elementor--v-position-middle elementor-widget elementor-widget-slides\" data-id=\"a039f98\" data-element_type=\"widget\" data-settings=\"{&quot;navigation&quot;:&quot;none&quot;,&quot;transition&quot;:&quot;slide&quot;,&quot;transition_speed&quot;:500}\" data-widget_type=\"slides.default\">\n\t\t\t\t<div class=\"elementor-widget-container\">\n\t\t\t\t\t\t\t\t\t<div class=\"elementor-swiper\">\n\t\t\t\t\t<div class=\"elementor-slides-wrapper elementor-main-swiper swiper\" role=\"region\" aria-roledescription=\"carousel\" aria-label=\"Slides\" dir=\"ltr\" data-animation=\"fadeInUp\">\n\t\t\t\t<div class=\"swiper-wrapper elementor-slides\">\n\t\t\t\t\t\t\t\t\t\t<div class=\"elementor-repeater-item-8b7ffa2 swiper-slide\" role=\"group\" aria-roledescription=\"slide\"><div class=\"swiper-slide-bg\" role=\"img\"><\/div><a class=\"swiper-slide-inner\" href=\"https:\/\/www.atsmro.com\"><div class=\"swiper-slide-contents\"><div class=\"elementor-slide-heading\">POL\u00cdTICA DE <BR\/>CANCELACI\u00d3N<\/div><\/div><\/a><\/div>\t\t\t\t<\/div>\n\t\t\t\t\t\t\t<\/div>\n\t\t\t\t<\/div>\n\t\t\t\t\t\t\t\t<\/div>\n\t\t\t\t<\/div>\n\t\t\t\t<\/div>\n\t\t<div class=\"elementor-element elementor-element-a9183c1 e-flex e-con-boxed e-con e-parent\" data-id=\"a9183c1\" data-element_type=\"container\">\n\t\t\t\t\t<div class=\"e-con-inner\">\n\t\t<div class=\"elementor-element elementor-element-1f73f02 e-con-full e-flex e-con e-child\" data-id=\"1f73f02\" data-element_type=\"container\">\n\t\t\t\t<div class=\"elementor-element elementor-element-f0f7e68 elementor-widget elementor-widget-heading\" data-id=\"f0f7e68\" data-element_type=\"widget\" data-widget_type=\"heading.default\">\n\t\t\t\t<div class=\"elementor-widget-container\">\n\t\t\t\t\t<h3 class=\"elementor-heading-title elementor-size-default\">POL\u00cdTICA DE CANCELACI\u00d3N<\/h3>\t\t\t\t<\/div>\n\t\t\t\t<\/div>\n\t\t\t\t<\/div>\n\t\t\t\t<div class=\"elementor-element elementor-element-5034a57 elementor-widget elementor-widget-text-editor\" data-id=\"5034a57\" data-element_type=\"widget\" data-widget_type=\"text-editor.default\">\n\t\t\t\t<div class=\"elementor-widget-container\">\n\t\t\t\t\t\t\t\t\t<p>Las inscripciones no son reembolsables. Si alg\u00fan asistente desea cancelar o transferir un registro a otra persona antes del evento, debe enviar una solicitud por escrito por correo electr\u00f3nico a\u00a0<a href=\"mailto:conferencesandmeetings@alta.aero\"><strong>conferencesandmeetings@alta.aero<\/strong><\/a>. El costo de transferir un registro es de USD 150 para proveedores no miembros sin mini-meetings y USD 200 con mini-meetings. Las transferencias de registro son gratuitas para los miembros de ALTA. ALTA no renunciar\u00e1 a ninguna tarifa de cancelaci\u00f3n o transferencia para los no miembros. ALTA se reserva el derecho de cancelar cualquier parte del programa y no asume ninguna responsabilidad por los gastos personales incurridos como resultado de dichas acciones. Si tiene alguna pregunta sobre su registro, no dude en ponerse\u00a0<a href=\"https:www.alta.aero\/ccma\/2025\/contact\">Contacto<\/a>\u00a0con nosotros.<\/p>\t\t\t\t\t\t\t\t<\/div>\n\t\t\t\t<\/div>\n\t\t\t\t\t<\/div>\n\t\t\t\t<\/div>\n\t\t\t\t<\/div>\n\t\t","protected":false},"excerpt":{"rendered":"<p>POL\u00cdTICA DE CANCELACI\u00d3N POL\u00cdTICA DE CANCELACI\u00d3N Las inscripciones no son reembolsables. Si alg\u00fan asistente desea cancelar o transferir un registro a otra persona antes del evento, debe enviar una solicitud por escrito por correo electr\u00f3nico a\u00a0conferencesandmeetings@alta.aero. El costo de transferir un registro es de USD 150 para proveedores no miembros sin mini-meetings y USD 200 [&hellip;]<\/p>\n","protected":false},"author":1,"featured_media":0,"parent":0,"menu_order":0,"comment_status":"closed","ping_status":"closed","template":"elementor_header_footer","meta":{"footnotes":""},"class_list":["post-976","page","type-page","status-publish","hentry"],"_links":{"self":[{"href":"https:\/\/alta.aero\/ccma\/2025\/wp-json\/wp\/v2\/pages\/976","targetHints":{"allow":["GET"]}}],"collection":[{"href":"https:\/\/alta.aero\/ccma\/2025\/wp-json\/wp\/v2\/pages"}],"about":[{"href":"https:\/\/alta.aero\/ccma\/2025\/wp-json\/wp\/v2\/types\/page"}],"author":[{"embeddable":true,"href":"https:\/\/alta.aero\/ccma\/2025\/wp-json\/wp\/v2\/users\/1"}],"replies":[{"embeddable":true,"href":"https:\/\/alta.aero\/ccma\/2025\/wp-json\/wp\/v2\/comments?post=976"}],"version-history":[{"count":22,"href":"https:\/\/alta.aero\/ccma\/2025\/wp-json\/wp\/v2\/pages\/976\/revisions"}],"predecessor-version":[{"id":1849,"href":"https:\/\/alta.aero\/ccma\/2025\/wp-json\/wp\/v2\/pages\/976\/revisions\/1849"}],"wp:attachment":[{"href":"https:\/\/alta.aero\/ccma\/2025\/wp-json\/wp\/v2\/media?parent=976"}],"curies":[{"name":"wp","href":"https:\/\/api.w.org\/{rel}","templated":true}]}}